{"id":4100,"date":"2017-06-23T11:32:27","date_gmt":"2017-06-23T09:32:27","guid":{"rendered":"https:\/\/sglux.de\/fr\/produit\/uv-safester-uvc\/"},"modified":"2025-07-31T12:34:13","modified_gmt":"2025-07-31T10:34:13","slug":"safester-uvc","status":"publish","type":"product","link":"https:\/\/sglux.de\/fr\/produit\/safester-uvc\/","title":{"rendered":"Safester UVC+LED"},"content":{"rendered":"<p><a class=\"single_add_to_cart_button button right\" href=\"http:\/\/download.sglux.de\/radiometers\/safester-uvc\/Safester-UVC_englisch.pdf\" target=\"_blank\" rel=\"noopener noreferrer\">T\u00e9lecharger la fiche de donn\u00e9es<\/a><br \/>\n<iframe loading=\"lazy\" class=\"pdfjs-viewer\" width=\"100%\" height=\"970px\" src=\"https:\/\/sglux.de\/data-matrix\/plugins\/pdf-viewer\/stable\/web\/viewer.html?file=https:\/\/sglux.de\/download\/radiometers\/safester-uvc\/Safester-UVC_englisch.pdf\"><\/iframe> \n","protected":false},"excerpt":{"rendered":"<ul>\n<li>instrument pour la d\u00e9tection des rayonnements UV nocifs correspondant \u00e0 la directive 2006\/25\/CE<\/li>\n<li>satisfait aux exigences les plus \u00e9lev\u00e9es de la cat\u00e9gorie 1 conformant \u00e0 DIN 5031-11 pour des radiom\u00e8tres actiniques et peut \u00eatre utilis\u00e9 pour des mesures de pr\u00e9cision<\/li>\n<li>comprenant un capteur UV calibr\u00e9, un certificat de calibrage, un smartphone \u00e0 la base du syst\u00e8me Android et un c\u00e2ble de recharge<\/li>\n<li>livraison dans la mallette de transport<\/li>\n<\/ul>\n","protected":false},"featured_media":11123,"comment_status":"open","ping_status":"closed","template":"","meta":{"_acf_changed":false,"_genesis_hide_title":false,"_genesis_hide_breadcrumbs":false,"_genesis_hide_singular_image":false,"_genesis_hide_footer_widgets":false,"_genesis_custom_body_class":"","_genesis_custom_post_class":"","_genesis_layout":""},"product_brand":[],"product_cat":[140,141],"product_tag":[429],"class_list":{"0":"post-4100","1":"product","2":"type-product","3":"status-publish","4":"has-post-thumbnail","6":"product_cat-accessoires-sensors-fr","7":"product_cat-radiometres-uv","8":"product_tag-radiometer-fr","9":"entry","11":"first","12":"instock","13":"taxable","14":"shipping-taxable","15":"purchasable","16":"product-type-simple"},"acf":[],"yoast_head":"<!-- This site is optimized with the Yoast SEO plugin v26.6 - https:\/\/yoast.com\/wordpress\/plugins\/seo\/ -->\n<title>Safester UVC+LED | Accesoires sondes de mesures UV, Radiom\u00e8tres UV | sglux<\/title>\n<meta name=\"robots\" content=\"index, follow, max-snippet:-1, max-image-preview:large, max-video-preview:-1\" \/>\n<link rel=\"canonical\" href=\"https:\/\/sglux.de\/fr\/produit\/safester-uvc\/\" \/>\n<meta property=\"og:locale\" content=\"fr_FR\" \/>\n<meta property=\"og:type\" content=\"article\" \/>\n<meta property=\"og:title\" content=\"Safester UVC+LED | Accesoires sondes de mesures UV, Radiom\u00e8tres UV | sglux\" \/>\n<meta property=\"og:description\" content=\"instrument pour la d\u00e9tection des rayonnements UV nocifs correspondant \u00e0 la directive 2006\/25\/CE  satisfait aux exigences les plus \u00e9lev\u00e9es de la cat\u00e9gorie 1 conformant \u00e0 DIN 5031-11 pour des radiom\u00e8tres actiniques et peut \u00eatre utilis\u00e9 pour des mesures de pr\u00e9cision  comprenant un capteur UV calibr\u00e9, un certificat de calibrage, un smartphone \u00e0 la base du syst\u00e8me Android et un c\u00e2ble de recharge  livraison dans la mallette de transport\" \/>\n<meta property=\"og:url\" content=\"https:\/\/sglux.de\/fr\/produit\/safester-uvc\/\" \/>\n<meta property=\"og:site_name\" content=\"sglux\" \/>\n<meta property=\"article:modified_time\" content=\"2025-07-31T10:34:13+00:00\" \/>\n<meta property=\"og:image\" content=\"https:\/\/sglux.de\/data-matrix\/uploads\/2017\/06\/datasheet_safe.png\" \/>\n\t<meta property=\"og:image:width\" content=\"720\" \/>\n\t<meta property=\"og:image:height\" content=\"720\" \/>\n\t<meta property=\"og:image:type\" content=\"image\/png\" \/>\n<meta name=\"twitter:card\" content=\"summary_large_image\" \/>\n<meta name=\"twitter:label1\" content=\"Dur\u00e9e de lecture estim\u00e9e\" \/>\n\t<meta name=\"twitter:data1\" content=\"2 minutes\" \/>\n<script type=\"application\/ld+json\" class=\"yoast-schema-graph\">{\"@context\":\"https:\/\/schema.org\",\"@graph\":[{\"@type\":\"WebPage\",\"@id\":\"https:\/\/sglux.de\/fr\/produit\/safester-uvc\/\",\"url\":\"https:\/\/sglux.de\/fr\/produit\/safester-uvc\/\",\"name\":\"Safester UVC+LED | Accesoires sondes de mesures UV, Radiom\u00e8tres UV | sglux\",\"isPartOf\":{\"@id\":\"https:\/\/sglux.de\/fr\/#website\"},\"primaryImageOfPage\":{\"@id\":\"https:\/\/sglux.de\/fr\/produit\/safester-uvc\/#primaryimage\"},\"image\":{\"@id\":\"https:\/\/sglux.de\/fr\/produit\/safester-uvc\/#primaryimage\"},\"thumbnailUrl\":\"https:\/\/sglux.de\/data-matrix\/uploads\/2017\/06\/datasheet_safe.png\",\"datePublished\":\"2017-06-23T09:32:27+00:00\",\"dateModified\":\"2025-07-31T10:34:13+00:00\",\"breadcrumb\":{\"@id\":\"https:\/\/sglux.de\/fr\/produit\/safester-uvc\/#breadcrumb\"},\"inLanguage\":\"fr-FR\",\"potentialAction\":[{\"@type\":\"ReadAction\",\"target\":[\"https:\/\/sglux.de\/fr\/produit\/safester-uvc\/\"]}]},{\"@type\":\"ImageObject\",\"inLanguage\":\"fr-FR\",\"@id\":\"https:\/\/sglux.de\/fr\/produit\/safester-uvc\/#primaryimage\",\"url\":\"https:\/\/sglux.de\/data-matrix\/uploads\/2017\/06\/datasheet_safe.png\",\"contentUrl\":\"https:\/\/sglux.de\/data-matrix\/uploads\/2017\/06\/datasheet_safe.png\",\"width\":720,\"height\":720},{\"@type\":\"BreadcrumbList\",\"@id\":\"https:\/\/sglux.de\/fr\/produit\/safester-uvc\/#breadcrumb\",\"itemListElement\":[{\"@type\":\"ListItem\",\"position\":1,\"name\":\"Startseite\",\"item\":\"https:\/\/sglux.de\/fr\/\"},{\"@type\":\"ListItem\",\"position\":2,\"name\":\"Produit\",\"item\":\"https:\/\/sglux.de\/fr\/produit\/\"},{\"@type\":\"ListItem\",\"position\":3,\"name\":\"Safester UVC+LED\"}]},{\"@type\":\"WebSite\",\"@id\":\"https:\/\/sglux.de\/fr\/#website\",\"url\":\"https:\/\/sglux.de\/fr\/\",\"name\":\"sglux\",\"description\":\"UV is our Business\",\"publisher\":{\"@id\":\"https:\/\/sglux.de\/fr\/#organization\"},\"potentialAction\":[{\"@type\":\"SearchAction\",\"target\":{\"@type\":\"EntryPoint\",\"urlTemplate\":\"https:\/\/sglux.de\/fr\/?s={search_term_string}\"},\"query-input\":{\"@type\":\"PropertyValueSpecification\",\"valueRequired\":true,\"valueName\":\"search_term_string\"}}],\"inLanguage\":\"fr-FR\"},{\"@type\":\"Organization\",\"@id\":\"https:\/\/sglux.de\/fr\/#organization\",\"name\":\"sglux GmbH\",\"url\":\"https:\/\/sglux.de\/fr\/\",\"logo\":{\"@type\":\"ImageObject\",\"inLanguage\":\"fr-FR\",\"@id\":\"https:\/\/sglux.de\/fr\/#\/schema\/logo\/image\/\",\"url\":\"https:\/\/sglux.de\/data-matrix\/uploads\/2024\/11\/sglux_logo_uv_senesoren_gelb.png\",\"contentUrl\":\"https:\/\/sglux.de\/data-matrix\/uploads\/2024\/11\/sglux_logo_uv_senesoren_gelb.png\",\"width\":550,\"height\":116,\"caption\":\"sglux GmbH\"},\"image\":{\"@id\":\"https:\/\/sglux.de\/fr\/#\/schema\/logo\/image\/\"},\"sameAs\":[\"https:\/\/www.linkedin.com\/company\/sglux-gmbh\"]}]}<\/script>\n<!-- \/ Yoast SEO plugin. -->","yoast_head_json":{"title":"Safester UVC+LED | Accesoires sondes de mesures UV, Radiom\u00e8tres UV | sglux","robots":{"index":"index","follow":"follow","max-snippet":"max-snippet:-1","max-image-preview":"max-image-preview:large","max-video-preview":"max-video-preview:-1"},"canonical":"https:\/\/sglux.de\/fr\/produit\/safester-uvc\/","og_locale":"fr_FR","og_type":"article","og_title":"Safester UVC+LED | Accesoires sondes de mesures UV, Radiom\u00e8tres UV | sglux","og_description":"instrument pour la d\u00e9tection des rayonnements UV nocifs correspondant \u00e0 la directive 2006\/25\/CE  satisfait aux exigences les plus \u00e9lev\u00e9es de la cat\u00e9gorie 1 conformant \u00e0 DIN 5031-11 pour des radiom\u00e8tres actiniques et peut \u00eatre utilis\u00e9 pour des mesures de pr\u00e9cision  comprenant un capteur UV calibr\u00e9, un certificat de calibrage, un smartphone \u00e0 la base du syst\u00e8me Android et un c\u00e2ble de recharge  livraison dans la mallette de transport","og_url":"https:\/\/sglux.de\/fr\/produit\/safester-uvc\/","og_site_name":"sglux","article_modified_time":"2025-07-31T10:34:13+00:00","og_image":[{"width":720,"height":720,"url":"https:\/\/sglux.de\/data-matrix\/uploads\/2017\/06\/datasheet_safe.png","type":"image\/png"}],"twitter_card":"summary_large_image","twitter_misc":{"Dur\u00e9e de lecture estim\u00e9e":"2 minutes"},"schema":{"@context":"https:\/\/schema.org","@graph":[{"@type":"WebPage","@id":"https:\/\/sglux.de\/fr\/produit\/safester-uvc\/","url":"https:\/\/sglux.de\/fr\/produit\/safester-uvc\/","name":"Safester UVC+LED | Accesoires sondes de mesures UV, Radiom\u00e8tres UV | sglux","isPartOf":{"@id":"https:\/\/sglux.de\/fr\/#website"},"primaryImageOfPage":{"@id":"https:\/\/sglux.de\/fr\/produit\/safester-uvc\/#primaryimage"},"image":{"@id":"https:\/\/sglux.de\/fr\/produit\/safester-uvc\/#primaryimage"},"thumbnailUrl":"https:\/\/sglux.de\/data-matrix\/uploads\/2017\/06\/datasheet_safe.png","datePublished":"2017-06-23T09:32:27+00:00","dateModified":"2025-07-31T10:34:13+00:00","breadcrumb":{"@id":"https:\/\/sglux.de\/fr\/produit\/safester-uvc\/#breadcrumb"},"inLanguage":"fr-FR","potentialAction":[{"@type":"ReadAction","target":["https:\/\/sglux.de\/fr\/produit\/safester-uvc\/"]}]},{"@type":"ImageObject","inLanguage":"fr-FR","@id":"https:\/\/sglux.de\/fr\/produit\/safester-uvc\/#primaryimage","url":"https:\/\/sglux.de\/data-matrix\/uploads\/2017\/06\/datasheet_safe.png","contentUrl":"https:\/\/sglux.de\/data-matrix\/uploads\/2017\/06\/datasheet_safe.png","width":720,"height":720},{"@type":"BreadcrumbList","@id":"https:\/\/sglux.de\/fr\/produit\/safester-uvc\/#breadcrumb","itemListElement":[{"@type":"ListItem","position":1,"name":"Startseite","item":"https:\/\/sglux.de\/fr\/"},{"@type":"ListItem","position":2,"name":"Produit","item":"https:\/\/sglux.de\/fr\/produit\/"},{"@type":"ListItem","position":3,"name":"Safester UVC+LED"}]},{"@type":"WebSite","@id":"https:\/\/sglux.de\/fr\/#website","url":"https:\/\/sglux.de\/fr\/","name":"sglux","description":"UV is our Business","publisher":{"@id":"https:\/\/sglux.de\/fr\/#organization"},"potentialAction":[{"@type":"SearchAction","target":{"@type":"EntryPoint","urlTemplate":"https:\/\/sglux.de\/fr\/?s={search_term_string}"},"query-input":{"@type":"PropertyValueSpecification","valueRequired":true,"valueName":"search_term_string"}}],"inLanguage":"fr-FR"},{"@type":"Organization","@id":"https:\/\/sglux.de\/fr\/#organization","name":"sglux GmbH","url":"https:\/\/sglux.de\/fr\/","logo":{"@type":"ImageObject","inLanguage":"fr-FR","@id":"https:\/\/sglux.de\/fr\/#\/schema\/logo\/image\/","url":"https:\/\/sglux.de\/data-matrix\/uploads\/2024\/11\/sglux_logo_uv_senesoren_gelb.png","contentUrl":"https:\/\/sglux.de\/data-matrix\/uploads\/2024\/11\/sglux_logo_uv_senesoren_gelb.png","width":550,"height":116,"caption":"sglux GmbH"},"image":{"@id":"https:\/\/sglux.de\/fr\/#\/schema\/logo\/image\/"},"sameAs":["https:\/\/www.linkedin.com\/company\/sglux-gmbh"]}]}},"_links":{"self":[{"href":"https:\/\/sglux.de\/fr\/wp-json\/wp\/v2\/product\/4100","targetHints":{"allow":["GET"]}}],"collection":[{"href":"https:\/\/sglux.de\/fr\/wp-json\/wp\/v2\/product"}],"about":[{"href":"https:\/\/sglux.de\/fr\/wp-json\/wp\/v2\/types\/product"}],"replies":[{"embeddable":true,"href":"https:\/\/sglux.de\/fr\/wp-json\/wp\/v2\/comments?post=4100"}],"wp:featuredmedia":[{"embeddable":true,"href":"https:\/\/sglux.de\/fr\/wp-json\/wp\/v2\/media\/11123"}],"wp:attachment":[{"href":"https:\/\/sglux.de\/fr\/wp-json\/wp\/v2\/media?parent=4100"}],"wp:term":[{"taxonomy":"product_brand","embeddable":true,"href":"https:\/\/sglux.de\/fr\/wp-json\/wp\/v2\/product_brand?post=4100"},{"taxonomy":"product_cat","embeddable":true,"href":"https:\/\/sglux.de\/fr\/wp-json\/wp\/v2\/product_cat?post=4100"},{"taxonomy":"product_tag","embeddable":true,"href":"https:\/\/sglux.de\/fr\/wp-json\/wp\/v2\/product_tag?post=4100"}],"curies":[{"name":"wp","href":"https:\/\/api.w.org\/{rel}","templated":true}]}}

<p><a class="single_add_to_cart_button button right" href="http://download.sglux.de/radiometers/safester-uvc/Safester-UVC_englisch.pdf" target="_blank" rel="noopener noreferrer">Télecharger la fiche de données</a><br />
<iframe loading="lazy" class="pdfjs-viewer" width="100%" height="970px" src="https://sglux.de/data-matrix/plugins/pdf-viewer/stable/web/viewer.html?file=https://sglux.de/download/radiometers/safester-uvc/Safester-UVC_englisch.pdf"></iframe>

<ul>
<li>instrument pour la détection des rayonnements UV nocifs correspondant à la directive 2006/25/CE</li>
<li>satisfait aux exigences les plus élevées de la catégorie 1 conformant à DIN 5031-11 pour des radiomètres actiniques et peut être utilisé pour des mesures de précision</li>
<li>comprenant un capteur UV calibré, un certificat de calibrage, un smartphone à la base du système Android et un câble de recharge</li>
<li>livraison dans la mallette de transport</li>
</ul>

<!-- This site is optimized with the Yoast SEO plugin v26.6 - https://yoast.com/wordpress/plugins/seo/ -->
<title>Safester UVC+LED | Accesoires sondes de mesures UV, Radiomètres UV | sglux</title>
<meta name="robots" content="index, follow, max-snippet:-1, max-image-preview:large, max-video-preview:-1" />
<link rel="canonical" href="https://sglux.de/fr/produit/safester-uvc/" />
<meta property="og:locale" content="fr_FR" />
<meta property="og:type" content="article" />
<meta property="og:title" content="Safester UVC+LED | Accesoires sondes de mesures UV, Radiomètres UV | sglux" />
<meta property="og:description" content="instrument pour la détection des rayonnements UV nocifs correspondant à la directive 2006/25/CE  satisfait aux exigences les plus élevées de la catégorie 1 conformant à DIN 5031-11 pour des radiomètres actiniques et peut être utilisé pour des mesures de précision  comprenant un capteur UV calibré, un certificat de calibrage, un smartphone à la base du système Android et un câble de recharge  livraison dans la mallette de transport" />
<meta property="og:url" content="https://sglux.de/fr/produit/safester-uvc/" />
<meta property="og:site_name" content="sglux" />
<meta property="article:modified_time" content="2025-07-31T10:34:13+00:00" />
<meta property="og:image" content="https://sglux.de/data-matrix/uploads/2017/06/datasheet_safe.png" />
	<meta property="og:image:width" content="720" />
	<meta property="og:image:height" content="720" />
	<meta property="og:image:type" content="image/png" />
<meta name="twitter:card" content="summary_large_image" />
<meta name="twitter:label1" content="Durée de lecture estimée" />
	<meta name="twitter:data1" content="2 minutes" />
<script type="application/ld+json" class="yoast-schema-graph">{"@context":"https://schema.org","@graph":[{"@type":"WebPage","@id":"https://sglux.de/fr/produit/safester-uvc/","url":"https://sglux.de/fr/produit/safester-uvc/","name":"Safester UVC+LED | Accesoires sondes de mesures UV, Radiomètres UV | sglux","isPartOf":{"@id":"https://sglux.de/fr/#website"},"primaryImageOfPage":{"@id":"https://sglux.de/fr/produit/safester-uvc/#primaryimage"},"image":{"@id":"https://sglux.de/fr/produit/safester-uvc/#primaryimage"},"thumbnailUrl":"https://sglux.de/data-matrix/uploads/2017/06/datasheet_safe.png","datePublished":"2017-06-23T09:32:27+00:00","dateModified":"2025-07-31T10:34:13+00:00","breadcrumb":{"@id":"https://sglux.de/fr/produit/safester-uvc/#breadcrumb"},"inLanguage":"fr-FR","potentialAction":[{"@type":"ReadAction","target":["https://sglux.de/fr/produit/safester-uvc/"]}]},{"@type":"ImageObject","inLanguage":"fr-FR","@id":"https://sglux.de/fr/produit/safester-uvc/#primaryimage","url":"https://sglux.de/data-matrix/uploads/2017/06/datasheet_safe.png","contentUrl":"https://sglux.de/data-matrix/uploads/2017/06/datasheet_safe.png","width":720,"height":720},{"@type":"BreadcrumbList","@id":"https://sglux.de/fr/produit/safester-uvc/#breadcrumb","itemListElement":[{"@type":"ListItem","position":1,"name":"Startseite","item":"https://sglux.de/fr/"},{"@type":"ListItem","position":2,"name":"Produit","item":"https://sglux.de/fr/produit/"},{"@type":"ListItem","position":3,"name":"Safester UVC+LED"}]},{"@type":"WebSite","@id":"https://sglux.de/fr/#website","url":"https://sglux.de/fr/","name":"sglux","description":"UV is our Business","publisher":{"@id":"https://sglux.de/fr/#organization"},"potentialAction":[{"@type":"SearchAction","target":{"@type":"EntryPoint","urlTemplate":"https://sglux.de/fr/?s={search_term_string}"},"query-input":{"@type":"PropertyValueSpecification","valueRequired":true,"valueName":"search_term_string"}}],"inLanguage":"fr-FR"},{"@type":"Organization","@id":"https://sglux.de/fr/#organization","name":"sglux GmbH","url":"https://sglux.de/fr/","logo":{"@type":"ImageObject","inLanguage":"fr-FR","@id":"https://sglux.de/fr/#/schema/logo/image/","url":"https://sglux.de/data-matrix/uploads/2024/11/sglux_logo_uv_senesoren_gelb.png","contentUrl":"https://sglux.de/data-matrix/uploads/2024/11/sglux_logo_uv_senesoren_gelb.png","width":550,"height":116,"caption":"sglux GmbH"},"image":{"@id":"https://sglux.de/fr/#/schema/logo/image/"},"sameAs":["https://www.linkedin.com/company/sglux-gmbh"]}]}</script>
<!-- / Yoast SEO plugin. -->

Safester UVC+LED | Accesoires sondes de mesures UV, Radiomètres UV | sglux

instrument pour la détection des rayonnements UV nocifs correspondant à la directive 2006/25/CE  satisfait aux exigences les plus élevées de la catégorie 1 conformant à DIN 5031-11 pour des radiomètres actiniques et peut être utilisé pour des mesures de précision  comprenant un capteur UV calibré, un certificat de calibrage, un smartphone à la base du système Android et un câble de recharge  livraison dans la mallette de transport
